2 + 16*c + 31. Let p = -322 + 317. Let v be j(p). Let z(b) = -17*b**3 + b**2 - b + 1. What is z(v)?
-16
Let r(w) = -8*w - 13. Let y be (-2 - -1)*(3 - 4)*-1. Let v be r(y). Let m(q) be the second derivative of -q**4/12 - 2*q**3/3 + q**2 - q. Calculate m(v).
-3
Let v(n) = -6*n. Suppose 4*h - 304 = -32. Let u be 2/((-16)/h)*2. Let l = u - -15. What is v(l)?
12
Let f = 303 + -143. Suppose -3*u - f = 13*u. Let a(n) = 5*n + 176*n**3 + 5*n - 177*n**3 - 9*n**2. Determine a(u).
0
Let n(b) = -4*b**2 + 65*b + 1 - 61*b + 3*b**2 - 2*b**3 - 7 + b**3. Determine n(-3).
0
Let h(n) = -158*n - 89. Let g be h(-7). Let o(x) = g*x - 4 - 2043*x + 1025*x. Calculate o(7).
-11
Let o(r) = -7169201*r**3 + 7169202*r**3 + 630*r - 7 - 632*r + 7*r**2. Let d = -8 - -1. Give o(d).
7
Let i(n) = -n**2 - 1. Suppose -478 = -14*d - 422. Give i(d).
-17
Let q(p) = -p - 5. Let l be q(-13). Let m(d) = d**2 - 4*d + 12. What is m(l)?
44
Let o(i) = -11*i - 9 + 2*i + i + i**2 + 20*i + 0*i**2. Suppose 6*d = 3*d - 36. What is o(d)?
-9
Suppose 2*c + o - 9 = -2*c, -2*o = -3*c + 4. Let d(p) = -3*p + c*p + p - 4 + p. Suppose -s = 3*s - 20. Give d(s).
1
Let x(u) be the second derivative of 1/24*u**4 + 1/120*u**5 + 0 + 0*u**2 - 1/3*u**3 - 5*u. Let y(b) be the second derivative of x(b). Give y(-6).
-5
Let h(q) = 42*q + 2 - 4 - 40*q + 1. Suppose 0 = 5*c + 3*r - 67, -2*c + 42 = 6*r - r. Let w = c + -6. Determine h(w).
9
Let t(x) = -12 + 118*x**2 - 126*x**2 + 0 - 3*x + 5 + 5. Calculate t(2).
-40
Let n(u) be the third derivative of -u**6/120 + 7*u**5/12 - 4*u**4/3 - 67*u**3/6 + u**2 - 230*u. Give n(34).
1
Let n(k) be the second derivative of 26*k + 0*k**2 + 4/3*k**3 - 2 + 1/12*k**4. Calculate n(-5).
-15
Let y(w) = 3*w**2 - 1910*w + 3 + 1939*w - 1 + 4 + 10. Calculate y(-9).
-2
Suppose 4*q - 3*q = -4*q. Let o be -2*(-13 - -5)*(1 + q). Let b(r) = 8*r**2 + o*r + r**3 - 30*r + 20*r. Give b(-7).
7
Let o(u) = -3 - u - 3*u + 2*u. Let x = -999 + 993. Let v be (59 - 60)*x/(-2). What is o(v)?
3
Let y(x) = 6 - 4*x**3 + 5*x**3 - 2*x**3 + 8*x**2 + 8*x. Suppose 80*g - 135*g = -81*g + 234. Calculate y(g).
-3
Suppose -2464 = 287*q - 295*q. Let j = q + -312. Let m(n) = 2*n + 3. What is m(j)?
-5
Let q(u) = u**3 - 11*u**2 + 12*u - 14. Let j be (-99)/(-5) + (-28)/35. Suppose -j*p = -77 - 113. What is q(p)?
6
Suppose 6 = -2*j + 4*j. Let q(c) = -c**2 - c + 1. Let o(i) = -i**3 + 12. Let r(u) = j*q(u) - o(u). What is r(4)?
-5
Suppose 195 = 43*k + 22*k. Let v(x) = -6*x**3 - x**2 + 1. Determine v(k).
-170
Let l(b) be the third derivative of -b**4/8 + b**3 - 217*b**2. Let n = -4 + 1. Determine l(n).
15
Let j(a) = a**3 + 16*a**2 - 17*a - 9. Let n(q) = 2. Let p(g) = j(g) + 6*n(g). Let k be p(-17). Let u(o) = -o**2 + 4*o + 1. Determine u(k).
4
Let i(f) = -f**3 + 2*f**2 - 5*f + 4. Let p(m) = -2*m**2 - 21*m + 14. Let x be -3*((-16)/(-6) + -4). Let o be 6/(-12)*88/x. Let v be p(o). Calculate i(v).
-20
Let h(n) = 3*n**2 - 156. Let z(u) = -26. Let k(p) = h(p) - 6*z(p). Let x = 1 - 0. Give k(x).
3
Let d = 115555 - 115556. Let p(z) = -z**2 + z**2 + 30*z**3 + z**2. Calculate p(d).
-29
Suppose 5*d + 552 - 597 = 0. Suppose 0 = 2*c - p, -2 + 10 = 2*p. Let a(v) = v + d + c - 6. Calculate a(-8).
-3
Let u be (1 + (-3)/(-6))*6*5. Suppose -20*t = -15 - u. Let p(l) = -3*l**2 + 6*l - 3. Let i(v) = 7*v**2 - 13*v + 7. Let b(k) = -2*i(k) - 5*p(k). Give b(t).
-2
Let g(r) = r**3 - 39. Let z be (-3)/((30/(-4))/5)*-14. Let o be 4/(-6) - z/42. What is g(o)?
-39
Suppose -5*h - 7*a + 2*a = -50, 3*a = -h + 20. Let l(j) be the first derivative of -j**2 + 3*j - 1757. What is l(h)?
-7
Let m(w) = -56*w**2 - 12 + 106*w**2 - 48*w**2 + 43 + 21*w. What is m(-8)?
-9
Let x be -15 + -2 + (-25 - (-10 - 19)). Let z(t) = -2*t**2 - 31*t - 44. Calculate z(x).
21
Suppose 4*q - 233 + 217 = 0. Let i(w) = -w - 3*w**2 + 31 + q*w**2 - 27. Let f be 6/1*1/(-2). Give i(f).
16
Let f(l) be the second derivative of l**5/10 - l**4/4 - l**3/2 - l**2/2 + 29*l - 25. Let k be ((-19)/(-19))/(2/(-4)). Calculate f(k).
-23
Let x(s) = 8*s - 21. Let w(l) = -11*l + 19. Let d(a) = 8*w(a) + 9*x(a). What is d(-2)?
-5
Let q(y) be the second derivative of -y**3/6 + 9*y**2/2 - 353*y - 2. Calculate q(-6).
15
Let k(a) = 25*a - 350*a**2 + 133*a**2 - 22 + 130*a**2 + 89*a**2. Calculate k(-13).
-9
Let j(q) = -3*q + 22. Let r be j(14). Let i be (-2 - 1) + 3 + r/5. Let f(d) = -2*d**2 - d + 1. Calculate f(i).
-27
Let k(i) = i**3 - 6*i**2 + 2*i + 1. Suppose 11*q - 4*q - 68 + 54 = 0. Give k(q).
-11
Suppose -508*t - 195 = -547*t. Let n(z) = -13*z - 14. Determine n(t).
-79
Let x(t) = -45*t**2 - 6*t - 26. Let m(a) = 62*a**2 + 9*a + 35. Let l(h) = 8*m(h) + 11*x(h). Suppose s = -2*s + 24. Suppose -8 - s = 2*d. Give l(d).
10
Let g = 7129 - 7139. Let j(r) = r**2 + 9*r - 14. Let q(y) = -1. Let n(d) = -j(d) + 4*q(d). What is n(g)?
0
Let s(q) = -4*q**3 - 20*q**2 + 8*q - 58. Let d(n) = -11*n**3 - 59*n**2 + 27*n - 164. Let b(m) = 3*d(m) - 8*s(m). Determine b(-18).
-10
Let q(j) = j**2 + 7*j - 6. Let p = -36 - -41. Suppose m = 2*m + p*k + 21, m + 15 = -3*k. Determine q(m).
-12
Let c(x) = 26*x + 48. Let b(v) = -v**2 - 8*v - 15. Let p be b(-2). Let a(d) = -5*d - 9. Let q(j) = p*c(j) - 16*a(j). Calculate q(0).
0
Let g(k) = -17*k - 65. Let z be g(-4). Suppose -5*r = z*h - 42, -3*r + 23 = h + 1. Let a(o) = 5*o - 30. Determine a(r).
0
Let z(q) = q**3 + q**2 + 1. Suppose 5*x - 13 = -3. Let r = x - -28. Let m be 1*(-1)/(-3) + (-70)/r. Calculate z(m).
-3
Let d be (-33)/121 - (-8)/(-264)*255. Let s(h) = h**3 + 8*h**2 + 4*h + 10. Calculate s(d).
-22
Let x(d) = 2 - 1 + d + 0*d. Let z(q) = -3*q - 10. Suppose -3 = 21*r - 24. Let o(g) = r*z(g) + 4*x(g). Determine o(8).
2
Suppose 0 = -14*q + 12*q - v - 13, q + 5*v = -20. Let j(p) = -p - 34*p + 20*p + 10*p + 16 + 6*p. Give j(q).
11
Let p(b) = b**3 - b**2 + 1. Suppose 2*r + 44 = 26. Let m be r + 1 + 3 + 7. Suppose 2*x - 4*i = 4, m*x - 6*i - 5 = -i. Give p(x).
1
Let t(d) = -2*d**3 + 38*d**2 + 41*d - 23. Let z be t(20). Let l(v) = -115*v**2 + 0*v + v**3 - 5*v - 2 + 56*v**2 + 61*v**2. Calculate l(z).
4
Let u(d) = 98*d**2 - 231*d**2 + 91*d**2 + 63*d**2. Suppose -2*p - 11 = 3*i - 0*i, 0 = -4*i + p. Calculate u(i).
21
Suppose 0 = -7*x + 9*x - 8. Suppose h = p, 0*p - 1 = -x*h + 5*p. Let n(t) = -12*t + 1. What is n(h)?
13
Let o(z) = 2*z**2 - 4*z. Let c(m) = -14*m**2 + 39*m + 24. Let b(g) = c(g) + 6*o(g). Give b(8).
16
Let g(c) be the first derivative of -2*c**2 - 20 + 25*c + 5/3*c**3 - 1/12*c**4. Let n(z) be the first derivative of g(z). What is n(9)?
5
Let o(a) be the third derivative of 17*a**4/12 + 13*a**3/6 + 2341*a**2. Determine o(3).
115
Let w(a) be the third derivative of 51*a**2 + 0 - 1/6*a**3 + 0*a + 0*a**4 - 11/60*a**5. Let l be (-6)/5 + 1/5. What is w(l)?
-12
Let u(n) = -n - 5. Let m be (-1)/((-40)/45 - -1). Let d be u(m). Let p(t) = d*t**2 - 2 + 11*t**2 - 1 - 14*t**2 + t. What is p(-5)?
17
Suppose 2*s + 4 + 2 = 0. Let h(y) = -10*y - 577. Let t be h(-58). Let g(x) = -506*x**2 - x**t + 4 + 503*x**2 - 5*x + 5*x. What is g(s)?
4
Let c(l) = -l**3 + 25*l**2 - 67*l + 32. Suppose 91 = 4*d - w, -4*d + 5*w - 7*w + 82 = 0. Calculate c(d).
10
Suppose 10*r = 11*r - 70. Let b = r + -70. Let n(o) = 2*o - 5. Determine n(b).
-5
Let u(c) be the second derivative of -3/2*c**3 - 44 - 2*c + 3/2*c**2 - 1/20*c**5 + 2/3*c**4. Give u(6).
21
Let h(q) = 3*q**2 - 12*q + 11. Let b be h(1). Suppose -b*g - 15 = 3*g - 4*j, 12 = -4*g - 5*j. Let u(n) = -n. Give u(g).
3
Let q(x) = -4*x**2 - 7*x - 27. Let j(l) = 3*l**2 + 5*l + 18. Let k(c) = -7*j(c) - 5*q(c). Let p(u) = -3*u + 7. Let i be p(1). What is k(i)?
-7
Let k = -105 + 241. Suppose -k = -4*o + 96. Let s(t) = 0 + 60*t - 2*t**3 + 3 - 5 + 2*t**2 - o*t. Calculate s(2).
-6
Let v be (-2)/(-4) - 741/26. Let h = v - -21. Let r(q) = 18*q + 2 + 3 + 12*q - 27*q. What is r(h)?
-16
Let c(q) = -14*q**2 + 6*q + 7. Let z(x) = -27*x**2 + 10*x + 12. Suppose 2*t - 41 = -49. Let g(u) = t*z(u) + 7*c(u). Calculate g(-1).
9
Suppose -5*s - 9 = -19. Let z = 6 + -5. Let m(c) = 2 - 5*c - z + 0. Give m(s).
-9
Let s(v) = -11*v + 61 + 2*v + 4*v - 41. Calculate s(-5).
45
Let q(m) = m**2 - 232*m + 10. Let z(x) = x**2 - 174*x + 7. Let i(n) = 10*q(n) - 13*z(n). Determine i(-20).
-31
Let x(b) be the first derivative of -3*b**2/2 + 52*b - 11. Let g be x(14). Suppose g*j + 55 + 5 = 0. Let r(s) = 2*s**2 +